{"id":69,"date":"2018-11-28T09:24:21","date_gmt":"2018-11-28T09:24:21","guid":{"rendered":"https:\/\/www.gestionintegralurbanasc.es\/administrador-de-fincas-zaragoza\/?page_id=69"},"modified":"2018-11-29T08:53:39","modified_gmt":"2018-11-29T08:53:39","slug":"localizacion","status":"publish","type":"page","link":"https:\/\/www.gestionintegralurbanasc.es\/administrador-de-fincas-zaragoza\/localizacion\/","title":{"rendered":"Localizaci\u00f3n"},"content":{"rendered":"<h4 class=\"font-alt\">LOCALIZACI\u00d3N ADMINISTRADOR FINCAS<\/h4>\n<p>&nbsp;<\/p>\n<p>GESTI\u00d3N INTEGRAL URBANA PARDI\u00d1AS ASOCIADOS, S.C.P.<br \/>\nCalle Don Pedro de Luna, 71-73<br \/>\n50010 Zaragoza<\/p>\n<p>Tel\u00e9fono 976 437 676<\/p>\n<p>Email:\u00a0<a href=\"mailto:info@gestionintegralurbanasc.es\">info@gestionintegralurbanasc.es<\/a><\/p>\n<p>Horario:<br \/>\nDe lunes a viernes:<br \/>\nMa\u00f1anas de 9 a 14h.<br \/>\nTardes de 17 a 20h.<\/p>\n<p><iframe src=\"https:\/\/www.google.com\/maps\/embed?pb=!1m18!1m12!1m3!1d2981.292050414561!2d-0.9058377841362381!3d41.64943157924097!2m3!1f0!2f0!3f0!3m2!1i1024!2i768!4f13.1!3m3!1m2!1s0xd5914cd059adcdb%3A0x26f1c7bdf74f947!2sAdministrador+de+fincas+Gesti%C3%B3n+Integral+Urbana!5e0!3m2!1ses!2ses!4v1543481925313\" height=\"450\" frameborder=\"0\" style=\"width:100%; border:0\" allowfullscreen><\/iframe><\/p>\n","protected":false},"excerpt":{"rendered":"<p>LOCALIZACI\u00d3N ADMINISTRADOR FINCAS &nbsp; GESTI\u00d3N INTEGRAL URBANA PARDI\u00d1AS ASOCIADOS, S.C.P. Calle Don Pedro de Luna, 71-73 50010 Zaragoza Tel\u00e9fono 976 437 676 Email:\u00a0info@gestionintegralurbanasc.es Horario: De lunes a viernes: Ma\u00f1anas de 9 a 14h. Tardes de 17 a 20h.<\/p>\n","protected":false},"author":1,"featured_media":0,"parent":0,"menu_order":0,"comment_status":"closed","ping_status":"closed","template":"","meta":[],"yoast_head":"<!-- This site is optimized with the Yoast SEO plugin v19.13 - https:\/\/yoast.com\/wordpress\/plugins\/seo\/ -->\n<title>Localizaci\u00f3n - Administraci\u00f3n de Fincas y Comunidades de Vecinos Zaragoza<\/title>\n<meta name=\"robots\" content=\"index, follow, max-snippet:-1, max-image-preview:large, max-video-preview:-1\" \/>\n<link rel=\"canonical\" href=\"https:\/\/www.gestionintegralurbanasc.es\/administrador-de-fincas-zaragoza\/localizacion\/\" \/>\n<meta property=\"og:locale\" content=\"es_ES\" \/>\n<meta property=\"og:type\" content=\"article\" \/>\n<meta property=\"og:title\" content=\"Localizaci\u00f3n - Administraci\u00f3n de Fincas y Comunidades de Vecinos Zaragoza\" \/>\n<meta property=\"og:description\" content=\"LOCALIZACI\u00d3N ADMINISTRADOR FINCAS &nbsp; GESTI\u00d3N INTEGRAL URBANA PARDI\u00d1AS ASOCIADOS, S.C.P. Calle Don Pedro de Luna, 71-73 50010 Zaragoza Tel\u00e9fono 976 437 676 Email:\u00a0info@gestionintegralurbanasc.es Horario: De lunes a viernes: Ma\u00f1anas de 9 a 14h. Tardes de 17 a 20h.\" \/>\n<meta property=\"og:url\" content=\"https:\/\/www.gestionintegralurbanasc.es\/administrador-de-fincas-zaragoza\/localizacion\/\" \/>\n<meta property=\"og:site_name\" content=\"Administraci\u00f3n de Fincas y Comunidades de Vecinos Zaragoza\" \/>\n<meta property=\"article:modified_time\" content=\"2018-11-29T08:53:39+00:00\" \/>\n<meta name=\"twitter:card\" content=\"summary_large_image\" \/>\n<script type=\"application\/ld+json\" class=\"yoast-schema-graph\">{\"@context\":\"https:\/\/schema.org\",\"@graph\":[{\"@type\":\"WebPage\",\"@id\":\"https:\/\/www.gestionintegralurbanasc.es\/administrador-de-fincas-zaragoza\/localizacion\/\",\"url\":\"https:\/\/www.gestionintegralurbanasc.es\/administrador-de-fincas-zaragoza\/localizacion\/\",\"name\":\"Localizaci\u00f3n - Administraci\u00f3n de Fincas y Comunidades de Vecinos Zaragoza\",\"isPartOf\":{\"@id\":\"https:\/\/www.gestionintegralurbanasc.es\/administrador-de-fincas-zaragoza\/#website\"},\"datePublished\":\"2018-11-28T09:24:21+00:00\",\"dateModified\":\"2018-11-29T08:53:39+00:00\",\"breadcrumb\":{\"@id\":\"https:\/\/www.gestionintegralurbanasc.es\/administrador-de-fincas-zaragoza\/localizacion\/#breadcrumb\"},\"inLanguage\":\"es\",\"potentialAction\":[{\"@type\":\"ReadAction\",\"target\":[\"https:\/\/www.gestionintegralurbanasc.es\/administrador-de-fincas-zaragoza\/localizacion\/\"]}]},{\"@type\":\"BreadcrumbList\",\"@id\":\"https:\/\/www.gestionintegralurbanasc.es\/administrador-de-fincas-zaragoza\/localizacion\/#breadcrumb\",\"itemListElement\":[{\"@type\":\"ListItem\",\"position\":1,\"name\":\"Portada\",\"item\":\"https:\/\/www.gestionintegralurbanasc.es\/administrador-de-fincas-zaragoza\/\"},{\"@type\":\"ListItem\",\"position\":2,\"name\":\"Localizaci\u00f3n\"}]},{\"@type\":\"WebSite\",\"@id\":\"https:\/\/www.gestionintegralurbanasc.es\/administrador-de-fincas-zaragoza\/#website\",\"url\":\"https:\/\/www.gestionintegralurbanasc.es\/administrador-de-fincas-zaragoza\/\",\"name\":\"Administraci\u00f3n de Fincas y Comunidades de Vecinos Zaragoza\",\"description\":\"Gesti\u00f3n Integral Urbana\",\"potentialAction\":[{\"@type\":\"SearchAction\",\"target\":{\"@type\":\"EntryPoint\",\"urlTemplate\":\"https:\/\/www.gestionintegralurbanasc.es\/administrador-de-fincas-zaragoza\/?s={search_term_string}\"},\"query-input\":\"required name=search_term_string\"}],\"inLanguage\":\"es\"}]}<\/script>\n<!-- \/ Yoast SEO plugin. -->","yoast_head_json":{"title":"Localizaci\u00f3n - Administraci\u00f3n de Fincas y Comunidades de Vecinos Zaragoza","robots":{"index":"index","follow":"follow","max-snippet":"max-snippet:-1","max-image-preview":"max-image-preview:large","max-video-preview":"max-video-preview:-1"},"canonical":"https:\/\/www.gestionintegralurbanasc.es\/administrador-de-fincas-zaragoza\/localizacion\/","og_locale":"es_ES","og_type":"article","og_title":"Localizaci\u00f3n - Administraci\u00f3n de Fincas y Comunidades de Vecinos Zaragoza","og_description":"LOCALIZACI\u00d3N ADMINISTRADOR FINCAS &nbsp; GESTI\u00d3N INTEGRAL URBANA PARDI\u00d1AS ASOCIADOS, S.C.P. Calle Don Pedro de Luna, 71-73 50010 Zaragoza Tel\u00e9fono 976 437 676 Email:\u00a0info@gestionintegralurbanasc.es Horario: De lunes a viernes: Ma\u00f1anas de 9 a 14h. Tardes de 17 a 20h.","og_url":"https:\/\/www.gestionintegralurbanasc.es\/administrador-de-fincas-zaragoza\/localizacion\/","og_site_name":"Administraci\u00f3n de Fincas y Comunidades de Vecinos Zaragoza","article_modified_time":"2018-11-29T08:53:39+00:00","twitter_card":"summary_large_image","schema":{"@context":"https:\/\/schema.org","@graph":[{"@type":"WebPage","@id":"https:\/\/www.gestionintegralurbanasc.es\/administrador-de-fincas-zaragoza\/localizacion\/","url":"https:\/\/www.gestionintegralurbanasc.es\/administrador-de-fincas-zaragoza\/localizacion\/","name":"Localizaci\u00f3n - Administraci\u00f3n de Fincas y Comunidades de Vecinos Zaragoza","isPartOf":{"@id":"https:\/\/www.gestionintegralurbanasc.es\/administrador-de-fincas-zaragoza\/#website"},"datePublished":"2018-11-28T09:24:21+00:00","dateModified":"2018-11-29T08:53:39+00:00","breadcrumb":{"@id":"https:\/\/www.gestionintegralurbanasc.es\/administrador-de-fincas-zaragoza\/localizacion\/#breadcrumb"},"inLanguage":"es","potentialAction":[{"@type":"ReadAction","target":["https:\/\/www.gestionintegralurbanasc.es\/administrador-de-fincas-zaragoza\/localizacion\/"]}]},{"@type":"BreadcrumbList","@id":"https:\/\/www.gestionintegralurbanasc.es\/administrador-de-fincas-zaragoza\/localizacion\/#breadcrumb","itemListElement":[{"@type":"ListItem","position":1,"name":"Portada","item":"https:\/\/www.gestionintegralurbanasc.es\/administrador-de-fincas-zaragoza\/"},{"@type":"ListItem","position":2,"name":"Localizaci\u00f3n"}]},{"@type":"WebSite","@id":"https:\/\/www.gestionintegralurbanasc.es\/administrador-de-fincas-zaragoza\/#website","url":"https:\/\/www.gestionintegralurbanasc.es\/administrador-de-fincas-zaragoza\/","name":"Administraci\u00f3n de Fincas y Comunidades de Vecinos Zaragoza","description":"Gesti\u00f3n Integral Urbana","potentialAction":[{"@type":"SearchAction","target":{"@type":"EntryPoint","urlTemplate":"https:\/\/www.gestionintegralurbanasc.es\/administrador-de-fincas-zaragoza\/?s={search_term_string}"},"query-input":"required name=search_term_string"}],"inLanguage":"es"}]}},"_links":{"self":[{"href":"https:\/\/www.gestionintegralurbanasc.es\/administrador-de-fincas-zaragoza\/wp-json\/wp\/v2\/pages\/69"}],"collection":[{"href":"https:\/\/www.gestionintegralurbanasc.es\/administrador-de-fincas-zaragoza\/wp-json\/wp\/v2\/pages"}],"about":[{"href":"https:\/\/www.gestionintegralurbanasc.es\/administrador-de-fincas-zaragoza\/wp-json\/wp\/v2\/types\/page"}],"author":[{"embeddable":true,"href":"https:\/\/www.gestionintegralurbanasc.es\/administrador-de-fincas-zaragoza\/wp-json\/wp\/v2\/users\/1"}],"replies":[{"embeddable":true,"href":"https:\/\/www.gestionintegralurbanasc.es\/administrador-de-fincas-zaragoza\/wp-json\/wp\/v2\/comments?post=69"}],"version-history":[{"count":3,"href":"https:\/\/www.gestionintegralurbanasc.es\/administrador-de-fincas-zaragoza\/wp-json\/wp\/v2\/pages\/69\/revisions"}],"predecessor-version":[{"id":90,"href":"https:\/\/www.gestionintegralurbanasc.es\/administrador-de-fincas-zaragoza\/wp-json\/wp\/v2\/pages\/69\/revisions\/90"}],"wp:attachment":[{"href":"https:\/\/www.gestionintegralurbanasc.es\/administrador-de-fincas-zaragoza\/wp-json\/wp\/v2\/media?parent=69"}],"curies":[{"name":"wp","href":"https:\/\/api.w.org\/{rel}","templated":true}]}}